{"id":43,"date":"2021-02-09T11:25:36","date_gmt":"2021-02-09T11:25:36","guid":{"rendered":"https:\/\/holaciudad.es\/frutasjesus\/index.php\/producto\/lechuga-bolsa-2-unidades-2\/"},"modified":"2021-02-17T10:38:03","modified_gmt":"2021-02-17T10:38:03","slug":"lechuga-bolsa-2-unidades-2","status":"publish","type":"product","link":"https:\/\/holaciudad.es\/frutasjesus\/index.php\/producto\/lechuga-bolsa-2-unidades-2\/","title":{"rendered":"Lechuga Bolsa 2 Unidades"},"content":{"rendered":"<p>Comer demasiada\u00a0<b>lechuga<\/b>\u00a0puede ocasionar sensaci\u00f3n de hinchaz\u00f3n y malestar en el est\u00f3mago, pues como se\u00f1ala la experta en nutrici\u00f3n Fernanda Alvarado, el exceso de fibra puede generar estos s\u00edntomas. Por eso te mostramos alternativas para que le des variedad a tus ensaladas y te nutras perfectamente<\/p>\n","protected":false},"excerpt":{"rendered":"<p>Comer demasiada\u00a0<b>lechuga<\/b> puede ocasionar sensaci\u00f3n de hinchaz\u00f3n y malestar en el est\u00f3mago, pues como se\u00f1ala la experta en nutrici\u00f3n Fernanda Alvarado.<\/p>\n","protected":false},"featured_media":585,"comment_status":"open","ping_status":"closed","template":"","meta":[],"product_brand":[],"product_cat":[17],"product_tag":[],"class_list":{"0":"post-43","1":"product","2":"type-product","3":"status-publish","4":"has-post-thumbnail","6":"product_cat-verduras","8":"first","9":"instock","10":"taxable","11":"shipping-taxable","12":"purchasable","13":"product-type-simple"},"aioseo_notices":[],"_links":{"self":[{"href":"https:\/\/holaciudad.es\/frutasjesus\/index.php\/wp-json\/wp\/v2\/product\/43","targetHints":{"allow":["GET"]}}],"collection":[{"href":"https:\/\/holaciudad.es\/frutasjesus\/index.php\/wp-json\/wp\/v2\/product"}],"about":[{"href":"https:\/\/holaciudad.es\/frutasjesus\/index.php\/wp-json\/wp\/v2\/types\/product"}],"replies":[{"embeddable":true,"href":"https:\/\/holaciudad.es\/frutasjesus\/index.php\/wp-json\/wp\/v2\/comments?post=43"}],"wp:featuredmedia":[{"embeddable":true,"href":"https:\/\/holaciudad.es\/frutasjesus\/index.php\/wp-json\/wp\/v2\/media\/585"}],"wp:attachment":[{"href":"https:\/\/holaciudad.es\/frutasjesus\/index.php\/wp-json\/wp\/v2\/media?parent=43"}],"wp:term":[{"taxonomy":"product_brand","embeddable":true,"href":"https:\/\/holaciudad.es\/frutasjesus\/index.php\/wp-json\/wp\/v2\/product_brand?post=43"},{"taxonomy":"product_cat","embeddable":true,"href":"https:\/\/holaciudad.es\/frutasjesus\/index.php\/wp-json\/wp\/v2\/product_cat?post=43"},{"taxonomy":"product_tag","embeddable":true,"href":"https:\/\/holaciudad.es\/frutasjesus\/index.php\/wp-json\/wp\/v2\/product_tag?post=43"}],"curies":[{"name":"wp","href":"https:\/\/api.w.org\/{rel}","templated":true}]}}