{"id":38,"date":"2021-02-09T11:25:36","date_gmt":"2021-02-09T11:25:36","guid":{"rendered":"https:\/\/holaciudad.es\/frutasjesus\/index.php\/producto\/esparrago-verde-2\/"},"modified":"2021-03-22T22:11:10","modified_gmt":"2021-03-22T22:11:10","slug":"esparrago-verde-2","status":"publish","type":"product","link":"https:\/\/holaciudad.es\/frutasjesus\/index.php\/producto\/esparrago-verde-2\/","title":{"rendered":"Esparrago Verde (precio por manojo)"},"content":{"rendered":"<ul class=\"i8Z77e\">\n<li class=\"TrT0Xe\">Conseguir\u00e1s mantener la l\u00ednea debido a las escasas calor\u00edas que aporta y al alto contenido en fibra.<\/li>\n<li class=\"TrT0Xe\">Tienen una gran cantidad de vitaminas, sobre todo A, B1, B2, B6, C y E.<\/li>\n<li class=\"TrT0Xe\">Destaca tambi\u00e9n por su aporte en minerales como el magnesio, f\u00f3sforo, calcio y potasio.<\/li>\n<li class=\"TrT0Xe\">Alta cantidad de antioxidantes.<\/li>\n<\/ul>\n","protected":false},"excerpt":{"rendered":"<ul class=\"i8Z77e\">\n<li class=\"TrT0Xe\">Conseguir\u00e1s mantener la l\u00ednea debido a las escasas calor\u00edas que aporta y al alto contenido en fibra.<\/li>\n<li class=\"TrT0Xe\">Tienen una gran cantidad de vitaminas, sobre todo A, B1, B2, B6, C y E.<\/li>\n<\/ul>\n","protected":false},"featured_media":580,"comment_status":"open","ping_status":"closed","template":"","meta":[],"product_brand":[],"product_cat":[17],"product_tag":[],"class_list":{"0":"post-38","1":"product","2":"type-product","3":"status-publish","4":"has-post-thumbnail","6":"product_cat-verduras","8":"first","9":"instock","10":"taxable","11":"shipping-taxable","12":"purchasable","13":"product-type-simple"},"aioseo_notices":[],"_links":{"self":[{"href":"https:\/\/holaciudad.es\/frutasjesus\/index.php\/wp-json\/wp\/v2\/product\/38","targetHints":{"allow":["GET"]}}],"collection":[{"href":"https:\/\/holaciudad.es\/frutasjesus\/index.php\/wp-json\/wp\/v2\/product"}],"about":[{"href":"https:\/\/holaciudad.es\/frutasjesus\/index.php\/wp-json\/wp\/v2\/types\/product"}],"replies":[{"embeddable":true,"href":"https:\/\/holaciudad.es\/frutasjesus\/index.php\/wp-json\/wp\/v2\/comments?post=38"}],"wp:featuredmedia":[{"embeddable":true,"href":"https:\/\/holaciudad.es\/frutasjesus\/index.php\/wp-json\/wp\/v2\/media\/580"}],"wp:attachment":[{"href":"https:\/\/holaciudad.es\/frutasjesus\/index.php\/wp-json\/wp\/v2\/media?parent=38"}],"wp:term":[{"taxonomy":"product_brand","embeddable":true,"href":"https:\/\/holaciudad.es\/frutasjesus\/index.php\/wp-json\/wp\/v2\/product_brand?post=38"},{"taxonomy":"product_cat","embeddable":true,"href":"https:\/\/holaciudad.es\/frutasjesus\/index.php\/wp-json\/wp\/v2\/product_cat?post=38"},{"taxonomy":"product_tag","embeddable":true,"href":"https:\/\/holaciudad.es\/frutasjesus\/index.php\/wp-json\/wp\/v2\/product_tag?post=38"}],"curies":[{"name":"wp","href":"https:\/\/api.w.org\/{rel}","templated":true}]}}