{"id":35,"date":"2021-02-09T11:25:36","date_gmt":"2021-02-09T11:25:36","guid":{"rendered":"https:\/\/holaciudad.es\/frutasjesus\/index.php\/producto\/champion-granel-3\/"},"modified":"2021-03-22T20:18:25","modified_gmt":"2021-03-22T20:18:25","slug":"champion-granel-3","status":"publish","type":"product","link":"https:\/\/holaciudad.es\/frutasjesus\/index.php\/producto\/champion-granel-3\/","title":{"rendered":"Champi\u00f1on Granel (precio por kg)"},"content":{"rendered":"<p>Los hongos en general contienen vitaminas, como las del complejo B (niacina y tiamina, riboflavina y \u00e1cido f\u00f3lico) y minerales como el potasio, f\u00f3sforo y calcio. El champi\u00f1\u00f3n tambi\u00e9n contiene\u00a0<b>selenio<\/b>, que funciona como antioxidante que ayuda a prevenir ciertos tipos de c\u00e1ncer.<\/p>\n","protected":false},"excerpt":{"rendered":"<p>Los hongos en general contienen vitaminas, como las del complejo B (niacina y tiamina, riboflavina y \u00e1cido f\u00f3lico) y minerales como el potasio, f\u00f3sforo y calcio.<\/p>\n","protected":false},"featured_media":577,"comment_status":"open","ping_status":"closed","template":"","meta":[],"product_brand":[],"product_cat":[17],"product_tag":[],"class_list":{"0":"post-35","1":"product","2":"type-product","3":"status-publish","4":"has-post-thumbnail","6":"product_cat-verduras","8":"first","9":"instock","10":"taxable","11":"shipping-taxable","12":"purchasable","13":"product-type-simple"},"aioseo_notices":[],"_links":{"self":[{"href":"https:\/\/holaciudad.es\/frutasjesus\/index.php\/wp-json\/wp\/v2\/product\/35","targetHints":{"allow":["GET"]}}],"collection":[{"href":"https:\/\/holaciudad.es\/frutasjesus\/index.php\/wp-json\/wp\/v2\/product"}],"about":[{"href":"https:\/\/holaciudad.es\/frutasjesus\/index.php\/wp-json\/wp\/v2\/types\/product"}],"replies":[{"embeddable":true,"href":"https:\/\/holaciudad.es\/frutasjesus\/index.php\/wp-json\/wp\/v2\/comments?post=35"}],"wp:featuredmedia":[{"embeddable":true,"href":"https:\/\/holaciudad.es\/frutasjesus\/index.php\/wp-json\/wp\/v2\/media\/577"}],"wp:attachment":[{"href":"https:\/\/holaciudad.es\/frutasjesus\/index.php\/wp-json\/wp\/v2\/media?parent=35"}],"wp:term":[{"taxonomy":"product_brand","embeddable":true,"href":"https:\/\/holaciudad.es\/frutasjesus\/index.php\/wp-json\/wp\/v2\/product_brand?post=35"},{"taxonomy":"product_cat","embeddable":true,"href":"https:\/\/holaciudad.es\/frutasjesus\/index.php\/wp-json\/wp\/v2\/product_cat?post=35"},{"taxonomy":"product_tag","embeddable":true,"href":"https:\/\/holaciudad.es\/frutasjesus\/index.php\/wp-json\/wp\/v2\/product_tag?post=35"}],"curies":[{"name":"wp","href":"https:\/\/api.w.org\/{rel}","templated":true}]}}