{"id":25,"date":"2021-02-09T11:25:35","date_gmt":"2021-02-09T11:25:35","guid":{"rendered":"https:\/\/holaciudad.es\/frutasjesus\/index.php\/producto\/calabacn-extra-1\/"},"modified":"2021-03-22T20:15:57","modified_gmt":"2021-03-22T20:15:57","slug":"calabacn-extra-1","status":"publish","type":"product","link":"https:\/\/holaciudad.es\/frutasjesus\/index.php\/producto\/calabacn-extra-1\/","title":{"rendered":"Calabac\u00edn Extra (precio por kg)"},"content":{"rendered":"<p>El\u00a0<b>calabac\u00edn<\/b>\u00a0no contiene grasa y tiene un alto contenido de agua y fibra. Tambi\u00e9n contiene cantidades significativas de\u00a0vitaminas B6, riboflavina, \u00e1cido f\u00f3lico, C y K, y minerales, como potasio y manganeso. La calabaza de verano tambi\u00e9n contiene antioxidantes y fito-nutrientes anti-inflamatorios<\/p>\n","protected":false},"excerpt":{"rendered":"<p>El\u00a0<b>calabac\u00edn<\/b> no contiene grasa y tiene un alto contenido de agua y fibra. Tambi\u00e9n contiene vitaminas B6, riboflavina, \u00e1cido f\u00f3lico, C y K, y minerales, como potasio y manganeso.<\/p>\n","protected":false},"featured_media":91,"comment_status":"open","ping_status":"closed","template":"","meta":[],"product_brand":[],"product_cat":[17],"product_tag":[],"class_list":{"0":"post-25","1":"product","2":"type-product","3":"status-publish","4":"has-post-thumbnail","6":"product_cat-verduras","8":"first","9":"instock","10":"taxable","11":"shipping-taxable","12":"purchasable","13":"product-type-simple"},"aioseo_notices":[],"_links":{"self":[{"href":"https:\/\/holaciudad.es\/frutasjesus\/index.php\/wp-json\/wp\/v2\/product\/25","targetHints":{"allow":["GET"]}}],"collection":[{"href":"https:\/\/holaciudad.es\/frutasjesus\/index.php\/wp-json\/wp\/v2\/product"}],"about":[{"href":"https:\/\/holaciudad.es\/frutasjesus\/index.php\/wp-json\/wp\/v2\/types\/product"}],"replies":[{"embeddable":true,"href":"https:\/\/holaciudad.es\/frutasjesus\/index.php\/wp-json\/wp\/v2\/comments?post=25"}],"wp:featuredmedia":[{"embeddable":true,"href":"https:\/\/holaciudad.es\/frutasjesus\/index.php\/wp-json\/wp\/v2\/media\/91"}],"wp:attachment":[{"href":"https:\/\/holaciudad.es\/frutasjesus\/index.php\/wp-json\/wp\/v2\/media?parent=25"}],"wp:term":[{"taxonomy":"product_brand","embeddable":true,"href":"https:\/\/holaciudad.es\/frutasjesus\/index.php\/wp-json\/wp\/v2\/product_brand?post=25"},{"taxonomy":"product_cat","embeddable":true,"href":"https:\/\/holaciudad.es\/frutasjesus\/index.php\/wp-json\/wp\/v2\/product_cat?post=25"},{"taxonomy":"product_tag","embeddable":true,"href":"https:\/\/holaciudad.es\/frutasjesus\/index.php\/wp-json\/wp\/v2\/product_tag?post=25"}],"curies":[{"name":"wp","href":"https:\/\/api.w.org\/{rel}","templated":true}]}}